, y - 349 = -3*u + 196. List the prime factors of y.
2, 67
Let f(h) = -h**3 - 14*h**2 + h - 10. Suppose -3*t - 112 = 5*t. Let i be f(t). What are the prime factors of (i - -3)/(1/(-1))?
3, 7
Let m be -1*(6/5)/(8/80). List the prime factors of (-24)/((m/(-15))/(-2)).
2, 3, 5
List the prime factors of 1355 + (-375)/(-150)*(-12)/5.
19, 71
Let d(y) = -3*y - 8. Let m = -22 - -16. What are the prime factors of d(m)?
2, 5
Let g(x) = 5*x**2 - 31*x - 27*x - 21 - 38*x + 111*x. What are the prime factors of g(-8)?
179
Suppose -a - 4 - 2 = 2*y, 3*a = 5*y + 15. Suppose a*i + i = 0. Let s(z) = -z + 33. List the prime factors of s(i).
3, 11
Suppose 7*w + 10 - 24 = 0. Suppose 560 = 2*u + 3*c, u = -w*u + 4*c + 857. What are the prime factors of u?
283
Suppose -32 - 7 = -3*c. Suppose 4*n + n - 50 = 0. Let b = c - n. What are the prime factors of b?
3
List the prime factors of (-4)/3*-3 - (-35 + -5191).
2, 5, 523
Let u(p) = -28*p - 2. Let b be -1*(4/1)/(-2). Suppose 0 = 3*s + 4 + b. What are the prime factors of u(s)?
2, 3
Let s be 0*(1 - -2)/6. Suppose 3*q - 6*q = s. Suppose q = -5*c + 4*c + 27. What are the prime factors of c?
3
Let n = 22 + -17. Suppose n*b = 3*b + 224. List the prime factors of b.
2, 7
Suppose -7963 = -3*u - 102*v + 107*v, 2*u - 5310 = 3*v. What are the prime factors of u?
3, 887
Let q be -1 + 2*9/6. Let f be q/(-6) + 63/27. What are the prime factors of f/((8/28)/2)?
2, 7
Suppose -4 = -h + 5. Let t = h - 4. List the prime factors of 12/(-30) - (-97)/t.
19
Suppose -8 = 2*v - 4*v. Let b(f) = f**3 + 5*f**2 - 8*f - 4. Let j be b(-5). Let i = j - v. What are the prime factors of i?
2
Suppose -12*o + 17409 + 2811 = 0. What are the prime factors of o?
5, 337
Let k be (-14)/(2 - 12/5). Suppose 5*u + 102 - 2 = 0. What are the prime factors of k/u*(-9 + 1)?
2, 7
Suppose 0 = -2*r - 106 + 116. Suppose -4*x + 2*x - 158 = -2*v, -r*v - x = -389. List the prime factors of v.
2, 3, 13
Let b be (-1 - -2) + 3 + -2. Suppose -2*a + 5*u - b*u - 18 = 0, 5*a + 4*u = 1. Let q(p) = p**2 - 5*p - 4. List the prime factors of q(a).
2, 5
Let q(z) = 28*z**2 - 30*z**2 - 40*z**3 - 25*z**3 - 2*z + 17*z**3. What are the prime factors of q(-1)?
2, 3
Let d(r) = 6*r**2 + 11*r + 3. Let h = -122 - -114. What are the prime factors of d(h)?
13, 23
Let p = -3 - -2. Suppose 0 = 5*x + 4*o + 659, 0 = -3*x - 13*o + 8*o - 385. List the prime factors of p/(x/(-69) - 2).
23
Let z(u) = 27*u**2 + u. Let g be z(1). Let x = g + -8. List the prime factors of x.
2, 5
Let t = -69 - -158. What are the prime factors of t?
89
List the prime factors of 698 - (-21)/28*-4.
5, 139
Suppose 0 = 2*o + 4*j - 158, -52 + 386 = 4*o - j. What are the prime factors of o?
83
Suppose 2109 + 3741 = 30*s. List the prime factors of s.
3, 5, 13
Let c(w) = w**2 + 3*w + 6. Let h be c(-2). Let y = -1 - -3. Suppose 3*i - 43 = -h*a, 3*i - y*a - 57 = a. What are the prime factors of i?
17
Let b(c) be the first derivative of -33*c**2/2 - 6*c - 5. What are the prime factors of b(-2)?
2, 3, 5
Suppose -5*w = 237 - 27. Let m be 28/w + (-200)/(-3). Let z = 101 - m. What are the prime factors of z?
5, 7
Let a = -10451 - -15313. List the prime factors of a.
2, 11, 13, 17
Let p(d) = d**3 + 11*d**2 + 10*d + 12. Let f be p(-10). Let g = f - -146. List the prime factors of g.
2, 79
Suppose 0 = -5*m + 3*q + 3234, 6*m + 5*q = 10*m - 2595. What are the prime factors of m?
3, 5, 43
Let b be (108/30)/(4/10). Suppose 4*u = b*u - 50. What are the prime factors of (-5)/(-2 + 18/u)?
5
Suppose -12*v + 108 = -8*v. List the prime factors of 1*-1*(v - 81).
2, 3
Let k = 11 + -19. Let a be (-6)/24 - 106/k. Let v(t) = -t**2 + 14*t + 1. List the prime factors of v(a).
2, 7
Let r = -138 - -400. What are the prime factors of r?
2, 131
Suppose -7*d + 20 = -3*d. Suppose 4*u - 3 = d. List the prime factors of ((-14)/8)/(u/(-8)).
7
Let s = -26 + 60. List the prime factors of 5 + -2 + -5 + s.
2
Suppose y = 2, y - 10 = -2*t - 2. Suppose t*x - 4*x + 155 = 0. Suppose 3*r - x = 61. List the prime factors of r.
2, 3
Let w be (-5)/((-1 + 3)*(-3)/6). Let k(s) = 16*s**2 - 5*s - 3. Let j be k(-3). Suppose 0 = w*i + 16 - j. List the prime factors of i.
2, 7
Suppose 0 = 10*p - 28306 + 8926. What are the prime factors of p?
2, 3, 17, 19
List the prime factors of (-1842)/4*(-130)/195.
307
List the prime factors of (-2 + -3)/(3/(-249)).
5, 83
Let y be 12/36 + 1*(-4)/3. List the prime factors of 154*(2 - ((y - 0) + 2)).
2, 7, 11
Suppose 2*n = -3*n + 4*o + 77, 4*o + 25 = n. Suppose n*i = 5*i + 656. What are the prime factors of i?
2, 41
What are the prime factors of 2/3 - (23420/(-6) - 5)?
3, 1303
Let y(i) = 8*i**2 + 2*i - 5. What are the prime factors of y(-8)?
491
Let f = 1215 + 357. List the prime factors of f.
2, 3, 131
Suppose -1819 = -50*o + 33*o. List the prime factors of o.
107
Suppose -t - 2*t = 93. Let d = t - -42. What are the prime factors of d?
11
Suppose 170*y = 187*y - 21403. List the prime factors of y.
1259
Let l(z) = 107*z - 3. Let o be l(4). Suppose 100 = 5*f - o. List the prime factors of f.
3, 5, 7
List the prime factors of (-5204)/(-6) - 92/(-138).
2, 7, 31
Suppose -z + 4*m + 13 = -0*m, 5*z - 19 = -3*m. Suppose c + 181 = z*l, -5*c + 205 = l + 4*l. List the prime factors of l.
37
Let t(d) = -d**2 - 3*d + 4. Suppose -20 = -5*z + 10*z. Let u be t(z). Suppose 5*b - 253 = 2*j - u*j, b - 5*j - 69 = 0. What are the prime factors of b?
7
Suppose 8*h - 609 = 199. Suppose -21*x + 22*x - h = 0. What are the prime factors of x?
101
Suppose -3*s = z + 8, z + 5*s - 2 = -18. Suppose t - 5 - 9 = -b, -3*t = 2*b - 40. What are the prime factors of z/t + (-124)/(-6)?
3, 7
Let a(y) = -y**3 - y**2 + 2*y + 4. Let l be a(0). Let t(w) = w**2 - 5*w. Let q be t(l). What are the prime factors of (-36)/q + 4 - 3?
2, 5
Suppose -3*d + 146 = 3*p - 13, 104 = 2*p + d. Suppose 0 = o + 202 - p. What are the prime factors of o/(-6) - 2/12?
5
Let z be (36/8)/(25/6 - 4). Suppose -5*i - 24 + 4 = 0, -16 = -2*d + 2*i. Let t = z - d. What are the prime factors of t?
23
Let x = -829 - -1502. List the prime factors of x.
673
Let g be -668*((-9)/2)/(-9). Let i = g + 516. List the prime factors of i.
2, 7, 13
Suppose -2*l - 297 = -2*c + 545, 0 = -4*c - l + 1664. What are the prime factors of c?
3, 139
Let y(d) = 36*d - 18. List the prime factors of y(5).
2, 3
Let l be 1*(-8)/(-1)*-8. Let a = 204 + -105. Let n = l + a. What are the prime factors of n?
5, 7
List the prime factors of (18/(-12))/(5/(-1590)).
3, 53
Let t(m) = 4*m**2 + 23*m - 85. List the prime factors of t(10).
5, 109
Let x = 1282 - 469. What are the prime factors of x?
3, 271
Suppose -j + 4*b + 68 = -12, -4*j + 3*b + 294 = 0. Suppose 10*z - 6*z = -j. What are the prime factors of 6/z - (-146)/6?
2, 3
Suppose 638 = 3*f - 0*z + 5*z, 3*z + 654 = 3*f. List the prime factors of f.
2, 3
Let s(b) = -125*b - 1. Let u(f) = 249*f + 1. Let k(y) = 5*s(y) + 3*u(y). List the prime factors of k(1).
2, 3, 5
Let v(m) = 2*m + 15. Let q be v(0). Let c = -41 + 151. List the prime factors of 2/3 + c/q.
2
Suppose -3*b + 542 = u, 2*b - 5*u = 68 + 299. List the prime factors of b.
181
Let q be 1*0/(-1) - 3. Let c(f) = -4*f**3 - 2*f**2 + 3*f + 2. List the prime factors of c(q).
83
Let j = 348 - -86. What are the prime factors of j?
2, 7, 31
What are the prime factors of 864 + 2 + (-10)/((-50)/(-15))?
863
Suppose 0 = 4*h + 16, -2*g - 2*h + 2 + 18 = 0. Let x(v) be the first derivative of -v**4/4 + 13*v**3/3 + 8*v**2 + 11*v - 2. List the prime factors of x(g).
3, 13
Let d(l) = -l**3 - l**2 + l. Let z be d(0). Suppose -v - v = z. Suppose -17 = -h - a + 9, v = 5*h - a - 154. List the prime factors of h.
2, 3, 5
Let k(r) = r**3 + 11*r**2 + 20*r - 1. Let c(q) = 2*q**3 + 22*q**2 + 41*q - 1. Let y(t) = 6*c(t) - 13*k(t). List the prime factors of y(-10).
47
Let s(h) be the third derivative of h**7/560 - 11*h**6/720 + h**5/30 + 5*h**2. Let b(g) be the third derivative of s(g). What are the prime factors of b(5)?
2, 17
Suppose 4 = -t + 24. List the prime factors of 65/t + (-2)/8.
3
Suppose -2*g = -4*w - 16, 2*g + 3 = -2*w - 5. Let o be 342/10 - w/(-20). Suppose -3*l + o = -14. List the prime factors of l.
2
Suppose 2*n + 9 = 5*n, 0 = 5*x + 2*n + 24. Let b be 20/x + 5/15. Let m(z) = -9*z - 1. What are the prime factors of m(b)?
2, 13
Let r(l) = 409*l + 669. What are t